s the value of -3 + -6 + -9 + 15?
-3
Evaluate 1 + 4 + -3 + 0 - -3.
5
Evaluate (13 - 28) + 21 + -2 + 0.
4
Evaluate 6 - (8 - (8 + -7)).
-1
-13 + 27 - (7 + 3 - 3)
7
What is (12 - 9) + (-5 - -4)?
2
Evaluate (1 - 11) + -4 + 9.
-5
Evaluate 5 + -9 - 7 - -21.
10
Calculate -11 + 10 + 1 + -9.
-9
What is the value of 5 + (4 - (0 + 1 + 6))?
2
What is (6 - (6 + -1)) + 0?
1
Calculate 8 - (-12 + -2) - 14.
8
Calculate -2 + -5 + (5 - (-5 - -4)).
-1
-381 + 375 - (0 + (2 - 1))
-7
5 + -5 - 0 - -4
4
Evaluate 0 + -4 + (6 - 2).
0
Evaluate (-8 - -12) + 2 + -6.
0
Calculate (0 - (1 - -1)) + 1 - 2.
-3
Evaluate 29 + -23 - (3 + 8).
-5
Evaluate 4 - (5 - 3) - -1.
3
(-1 - 1 - 2) + 6 + 2
4
What is the value of -4 + 0 - (3 - 5 - -2)?
-4
What is the value of -3 + -3 + 9 - -1?
4
Evaluate 3 + 0 - -2 - (2 + 3).
0
What is -3 + 10 + (-3 - 1)?
3
What is -3 + (-4 - (3 + -14 - -4))?
0
-19 + 13 - (-11 + -3)
8
Evaluate -1 + -5 + (3 - (7 + -3)).
-7
Calculate 1 - -1 - (3 + -1) - -5.
5
What is the value of 1 + -8 + -23 + 34?
4
What is 9 - (-1 - (-5 + (-3 - -2)))?
4
What is the value of (-2 - 1) + 13 + -15 + 7?
2
What is -2 - (-5 - -3 - -1) - -4?
3
Calculate 4 + (-1 - -1 - 5) - -3.
2
Evaluate (-2 - 0 - -4) + 2.
4
What is -1 + (9 - (-2 - -8))?
2
Evaluate (5 - 1) + (10 - 6) + -4.
4
Calculate -7 + (-3 - 1) + 4.
-7
Evaluate (-1 - 0) + 1 - (-5 + 0).
5
Evaluate (12 - -7) + -17 + (-7 - 1).
-6
What is the value of 9 - (-13 - -7 - -11)?
4
What is (-8 + 1 - (-54 + 28)) + -8?
11
Evaluate -15 + (14 + -4 + 1 - 4).
-8
Calculate 2 - (-13 + 4 + 6 + -1).
6
Calculate 1 + (3 - (1 - (-3 - -1))).
1
What is 3 - 3 - (-11 - -7)?
4
What is (0 + -7 - -4) + 5?
2
What is -5 + (6 + -3 - -2)?
0
What is the value of 9 + -7 + 0 + -6?
-4
What is the value of 28 - 14 - 21 - (-10 + -1)?
4
What is (2 - (13 - 1)) + 12?
2
Calculate (3 + -6 - 2 - -2) + -1.
-4
What is 6 + (-14 - (-4 - 7))?
3
What is -5 - (11 - (10 - -9))?
3
What is the value of -8 - -14 - (-4 - (-13 - 3))?
-6
4 - (-3 + 2 + 3)
2
Evaluate (2 - 3) + (7 - 13 - -6).
-1
Calculate 4 + (-3 - (-5 + 4) - -2).
4
Calculate (-5 + 5 - -9) + -4.
5
What is -2 + (4 + -7 + 6 - 0)?
1
What is 3 - (5 + -6 - 2)?
6
Evaluate 1 + 5 + -12 + 8.
2
Evaluate -7 + 6 + 5 - 1.
3
What is the value of 10 + -7 + -13 - -4?
-6
What is the value of -5 - (-6 - -3) - (-2 + -2)?
2
What is the value of 3 + -4 + 3 + 25 + -28?
-1
(8 - 1) + (6 - -5 - 15)
3
-1 + (-2 - (-2 - 4))
3
What is -2 + 4 - ((1 - -2) + -5)?
4
What is 1 + -7 - -6 - (-1 + -2)?
3
-2 - (-6 - 1 - (-9 + 9))
5
(11 - 14) + 6 + 2
5
Evaluate -1 + 1 - (6 - (-8 + 13)).
-1
What is (0 + -3 - 1) + -1?
-5
1 + -5 + 7 + 1
4
Calculate 6 + 4 + -16 - -3.
-3
Evaluate -3 - ((-16 - -9) + 6 + -2).
0
What is the value of -2 + 1 + -3 + 5?
1
Evaluate 10 - 9 - (5 - -1).
-5
What is -6 + (5 - 3) + (-1 - -5)?
0
Evaluate -53 + 41 - (-10 - 0).
-2
Calculate (-4 + -4 + 15 - 4) + -4.
-1
Evaluate 1 + -2 + (5 - (-1 + 3)).
2
What is (-1 + 2 - (-8 + 5)) + -9?
-5
What is the value of -6 - ((12 - 2) + -15)?
-1
What is -1 - (-7 - -2 - (2 - 13))?
-7
Calculate -32 + 34 - (-7 - (-3 + 2)).
8
Evaluate (-32 - -39) + (-12 - -2) + 0.
-3
Evaluate -3 - (-11 + 11) - (1 + -4).
0
1 + (2 - 4) - -7
6
-4 + (4 - ((-6 - -10) + 0))
-4
What is -6 + (1 - 0 - (0 + -3))?
-2
Calculate (26 + -31 - (-1 - 0)) + 3.
-1
What is the value of 6 + -6 + 9 + -17?
-8
Calculate 7 + -10 - (-2 + 2).
-3
-1 + 1 - (0 + (1 - -2))
-3
-8 - ((0 - 6) + (20 - 19))
-3
What is the value of 6 - 6 - 1 - -4?
3
What is the value of 1 - 1 - 1 - (-255 - -263)?
-9
What is (1 + -3 - (1 + -4)) + 2?
3
What is -2 - (1 + 1 + -1)?
-3
What is the value of 7 - 6 - (2 - 1) - 2?
-2
What is the value of -13 - (-5 + -3 + 0)?
-5
What is -2 + (-6 - -6 - -5)?
3
5 + -2 + -3 + -1
-1
Calculate 0 + -6 - ((-3 - -2) + -1).
-4
What is -16 + (7 - 7) - -9?
-7
Evaluate -2 + (-11 - -21) - -1.
9
Calculate (12 - 15) + (-1 - 2).
-6
Evaluate 45 + -39 + (-1 - 4) + 0.
1
What is the value of -3 - (4 - (7 - 1) - -3)?
-4
Evaluate (4 - (3 + 3)) + -2.
-4
What is -4 - -1 - (-5 + (5 - 6))?
3
Evaluate 7 + (-25 - (7 - 22)).
-3
0 + (-1 + 4 - (-3 - -3))
3
Calculate 35 + -37 - (0 + 1 + 0).
-3
What is the value of 3 - (-4 - (-1 - (2 - 0)))?
4
What is the value of -2 - (5 - 5) - (-4 + 1)?
1
-2 - ((-3 - 2) + 0)
3
Calculate -2 + -7 + (-14 - -15).
-8
Calculate 27 + -14 + 1 + -3 - 5.
6
Calculate -1 + -2 + (-1 - -2) + -3.
-5
Evaluate -8 + 15 + -3 + -5.
-1
-2 - ((-2 - 0) + 2) - 1
-3
Calculate -7 + (-2 - (-7 + 4)) + 3.
-3
What is the value of -6 + 9 - (-2 - -1)?
4
What is -5 + (2 - 4) - (3 - 5)?
-5
Evaluate 0 - 6 - (55 - 64).
3
0 + (-2 - -1) + (42 - 46)
-5
What is the value of (-6 - -9 - 0) + 2?
5
What is -1 + -2 - (2 - 5)?
0
(6 - (4 + -7)) + -4
5
What is 3 + (-9 - (12 - 26))?
8
What is the value of 39 + -38 - (-1 - -4)?
-2
Calculate -5 + 12 + (-10 - -2).
-1
Calculate 5 - -2 - (-10 - -11) - 6.
0
What is the value of -3 + (2 - -2) + -1?
0
What is the value of -15 - (-20 + (22 - 8))?
-9
What is the value of -2 - -7 - (-12 - -14)?
3
-4 + (3 - (-4 - -3))
0
4 + 1 + 1 + -7
-1
-1 - (-6 + -2 - -2)
5
What is 0 + -1 - (12 + -12)?
-1
Evaluate (-4 - -2) + (5 - 0 - 2).
1
What is the value of (2 + -2 - -1) + (47 - 43)?
5
What is 2 + -3 - -5 - 2?
2
What is -4 - (-11 - -2) - 4?
1
What is 8 - (-5 - (1 - 10))?
4
What is the value of 3 + (17 - 19) + 1 + -6?
-4
Calculate -3 + (6 - 0) - 2.
1
Evaluate -4 + 5 - -3 - (-4 + 3).
5
Evaluate 4 + (5 + 0 - 9).
0
(4 - (4 - 3)) + 2
5
Calculate -12 + 4 + -2 + 3 + 5.
-2
What is the value of (18 - 25 - -14) + (-4 - -1)?
4
What is the value of 80 - 89 - (0 + -15)?
6
Calculate 3 + (-4 - (1 + -4)).
2
What is (1 - 7) + 308 + -304?
-2
Evaluate 0 - 0 - (-6 + 11).
-5
Calculate -1 - 2 - (1 + (0 - 1)).
-3
What is 2 + (4 - 2 - 6)?
-2
Calculate 0 - 0 - -2 - (41 + -39).
0
Calculate -137 + 140 + (-1 - (-1 + 5)).
-2
-10 - -10 - (10 - (3 + 0))
-7
What is the value of -2 + (-3 - 0) + 0 - 0?
-5
What is 1 + -6 + 14 + -11 - 3?
-5
Evaluate 9 + -15 - -4 - 0.
-2
Evaluate -67 - -63 - (-1 - 8).
5
Calculate -1 + (-3 - (-9 - -3)) + -4.
-2
(-4 + -9 - -6) + 5
-2
(-4 - -7) + (-1 - 11) + 1
-8
Calculate -2 - (-6 - 1) - (2 - -2).
1
Calculate 5 + (5 + -2 - 2) + 3.
9
Evaluate -1 + (-2 - -5) + -6.
-4
Evaluate (0 - 3 - -4) + -6.
-5
Evaluate 50 - 44 - (4 + -1).
3
What is (-2 - 1 - -14) + -6 + 1?
6
Calculate (3 - -4) + -4 - -1.
4
What is -26 + 21 + (1 - 2)?
-6
What is 33 + -39 + (1 - -1) + -1?
-5
Evaluate 1 + 0 - (14 - (-11 - -21)).
-3
-4 + -2 + 3 - -1
-2
What is -27 + 30 + (-1 - 6)?
-4
Evaluate 2 - (1 - (-3 + 2)).
0
What is 2 - ((-6 - 5) + (2 - -4))?
7
What is (-2 - (-9 - (-3 + -3))) + 6?
7
Evaluate -4 + 3 + -1 + 2.
0
Calculate (-2 - (-5 + 5)) + -2 + -1.
-5
2 - ((-3 - -2) + (5 - 0))
-2
Calculate (3 - (2 + -2)) + (4 - 4).
3
What is -1 + 2 - 3 - 2 - -2?
-2
Calculate -1 + -2 - ((10 - 4) + -6).
-3
What is (1 - (6 + -7)) + -3 - 5?
-6
Evaluate -1 + 1 - (11 - 5 - 2).
-4
Evaluate 2 - (7 + (-1 - 8 - -7)).
-3
What is -1 + (-8 + 3 - -9)?
3
Evaluate 8 + -12 + 0 + -1.
-5
Evaluate -3 + (-4 - -1 - -11).
5
Evaluate 5 - ((2 - 2) + -1 - -9).
-3
What is the value of 6 - 1 - ((-12 - -1) + 17)?
-1
Calculate 1 + 1 + -1 + -2 - -6.
5
What is the value of 4 + 3 + (5 + -6 - -1)?
7
Calculate -3 + 0 - (-1 - 4).
2
What is the value of -7 - ((-9 - (-4 - -7)) + -5)?
10
Evaluate 2 + -7 + 5 - 0.
0
What is the value of (3 - (-3 - -1)) + -4?
1
Evaluate 3 - (2 + (5 - 0)).
-4
What is 9 + -17 + (1 - -5)?
-2
What is -6 - (-11 - ((-12 - -4) + 4))?
1
What is the value of (-2 - (4 - 3)) + 4?
1
Evaluate 3 - (-3 - -10) - -9.
5
-3 - (-7 - (-1 + -2))
1
Calculate 0 + (-2 - 0) + 1.
-1
-14 + 16 - (2 + 4 + -11)
7
What is -1 - 1 - (-13 + 16)?
-5
What is 1 + (4 - 13) - -7?
-1
What is the value of (0 - 0) + (48 + -19 - 22)?
7
What is the value of 2 - 12 - -10 - 1?
-1
(1 - (-3 + 0)) + -1
3
Evaluate -14 + 10 + (-4 - (0 + -2)).
-6
-12 + 13 - (-3 - -1)
3
Evaluate 3 + -1 - (5 - 3).
0
Calculate 1 + (2 - -3) + -6.
0
What is the value of -1 + 0 + 3 - 1?
1
Evaluate -3 + (6 + -9 - -6).
0
What is 11 + (-3 - (4 - -4))?
0
Evaluate -1 + -4 + 13 + (0 - 13).
-5
What is (-18 - -11) + (2 - -5)?
0
What is the value of (19 - 23) + (6 - 1) + 4?
5
What is the value of 5 + -3 + -9 - -8?
1
-1 + 4 - (3 + 3)
-3
(5 - 6) + 6 + -1
4
What is the value of -3 - (0 + 0 + -2)?
-1
What is 17 + (-2 - 11) - (1 + 8)?
-5
Evaluate 23 + -24 + 7 + -1.
5
Evaluate 1 - (-7 + (0 - -8)).
0
Calculate (-